{"id":17,"date":"2017-11-09T14:26:24","date_gmt":"2017-11-09T13:26:24","guid":{"rendered":"http:\/\/www.ntic-edition.com\/?page_id=17"},"modified":"2026-03-13T10:04:37","modified_gmt":"2026-03-13T09:04:37","slug":"lequipe-ntic-edition","status":"publish","type":"page","link":"https:\/\/www.ntic-edition.com\/index.php\/lequipe-ntic-edition\/","title":{"rendered":"L&rsquo;\u00e9quipe NTIC-Edition"},"content":{"rendered":"\t\t<div data-elementor-type=\"wp-page\" data-elementor-id=\"17\" class=\"elementor elementor-17\">\n\t\t\t\t<div class=\"elementor-element elementor-element-305d22f2 e-flex e-con-boxed e-con e-parent\" data-id=\"305d22f2\" data-element_type=\"container\" data-e-type=\"container\">\n\t\t\t\t\t<div class=\"e-con-inner\">\n\t\t\t\t<div class=\"elementor-element elementor-element-629d352b elementor-widget elementor-widget-text-editor\" data-id=\"629d352b\" data-element_type=\"widget\" data-e-type=\"widget\" data-widget_type=\"text-editor.default\">\n\t\t\t\t\t\t\t\t\t<p><b class=\"bleu\">L&rsquo;EQUIPE NTIC Edition\u2122<\/b> :<\/p>\n<ul>\n<li><b class=\"bleu\">Patrice ROGEMONT<\/b> &#8211; <a>Direction \/<\/a> Cr\u00e9ation \/ Contact Presse<\/li>\n<li><b class=\"bleu\">Thierry LEROUX<\/b> &#8211; Consultant informatique &amp; D\u00e9veloppement<b class=\"bleu\"><\/b><\/li>\n<li><b class=\"bleu\">Jo CASTIEL<\/b> &#8211; Administration \/ Comptabilit\u00e9<\/li>\n<\/ul>\n<p><b class=\"bleu\">NOS COORDONNEES<\/b> :<\/p>\n<table width=\"100%\" cellspacing=\"1\" cellpadding=\"2\">\n<tbody>\n<tr>\n<td class=\"article\" valign=\"middle\">\n<div align=\"center\">\n<table width=\"100%\" cellspacing=\"0\" cellpadding=\"0\" border=\"0\">\n<tbody>\n<tr>\n<td><img decoding=\"async\" src=\"http:\/\/www.maison-domotique.com\/\/img\/telephone.gif\" alt=\"T\u00e9l\u00e9phone\" class=\"aligncenter\" width=\"40\" height=\"29\" \/><\/td>\n<td>\n<div align=\"left\"><b class=\"bleu\">T\u00e9l\u00e9phone commercial <\/b>: +33-(0)231 870 187<\/div>\n<\/td>\n<\/tr>\n<tr>\n<td valign=\"middle\"><img decoding=\"async\" src=\"http:\/\/www.ntic-edition.com\/wp-content\/uploads\/2020\/11\/WhatsApp-logo-bubble-style-social-media-icon-png-300x300.png\" alt=\"\" class=\"wp-image-268 aligncenter\" width=\"37\" height=\"37\" srcset=\"https:\/\/www.ntic-edition.com\/wp-content\/uploads\/2020\/11\/WhatsApp-logo-bubble-style-social-media-icon-png-300x300.png 300w, https:\/\/www.ntic-edition.com\/wp-content\/uploads\/2020\/11\/WhatsApp-logo-bubble-style-social-media-icon-png-150x150.png 150w, https:\/\/www.ntic-edition.com\/wp-content\/uploads\/2020\/11\/WhatsApp-logo-bubble-style-social-media-icon-png-50x50.png 50w, https:\/\/www.ntic-edition.com\/wp-content\/uploads\/2020\/11\/WhatsApp-logo-bubble-style-social-media-icon-png.png 600w\" sizes=\"(max-width: 37px) 100vw, 37px\" \/><\/td>\n<td>\n<div align=\"left\"><b class=\"bleu\">T\u00e9l\u00e9phone par Internet <\/b> : +33-(0)607 312 227<\/div>\n<\/td>\n<\/tr>\n<\/tbody>\n<\/table>\n<div align=\"left\"><a href=\"http:\/\/www.ntic-edition.com\/\" target=\"_blank\" rel=\"noopener noreferrer\"><\/a><\/div>\n<\/div>\n<\/td>\n<\/tr>\n<\/tbody>\n<\/table>\n<div align=\"center\">\n<p><strong>Si\u00e8ge social<\/strong> : 10, Route de Rouen &#8211; F 14600 LA RIVIERE SAINT-SAUVEUR<\/p>\n<\/div>\n\n<p><\/p>\n\t\t\t\t\t\t\t\t<\/div>\n\t\t\t\t\t<\/div>\n\t\t\t\t<\/div>\n\t\t\t\t<\/div>\n\t\t","protected":false},"excerpt":{"rendered":"<p>L&rsquo;EQUIPE NTIC Edition&#x2122; : Patrice ROGEMONT &#8211; Direction \/ Cr\u00e9ation \/ Contact Presse Thierry LEROUX &#8211; Consultant informatique &amp; D\u00e9veloppement Jo CASTIEL &#8211; Administration \/ Comptabilit\u00e9 NOS COORDONNEES : T\u00e9l\u00e9phone commercial : +33-(0)231 870 187 T\u00e9l\u00e9phone par Internet : +33-(0)607 312 227 Si\u00e8ge social : 10, Route de Rouen &#8211; [&hellip;]<\/p>\n","protected":false},"author":2,"featured_media":0,"parent":0,"menu_order":0,"comment_status":"closed","ping_status":"closed","template":"","meta":{"_bbp_topic_count":0,"_bbp_reply_count":0,"_bbp_total_topic_count":0,"_bbp_total_reply_count":0,"_bbp_voice_count":0,"_bbp_anonymous_reply_count":0,"_bbp_topic_count_hidden":0,"_bbp_reply_count_hidden":0,"_bbp_forum_subforum_count":0,"jetpack_post_was_ever_published":false,"footnotes":""},"class_list":["post-17","page","type-page","status-publish","hentry"],"jetpack_sharing_enabled":true,"jetpack_shortlink":"https:\/\/wp.me\/P9FWPB-h","_links":{"self":[{"href":"https:\/\/www.ntic-edition.com\/index.php\/wp-json\/wp\/v2\/pages\/17","targetHints":{"allow":["GET"]}}],"collection":[{"href":"https:\/\/www.ntic-edition.com\/index.php\/wp-json\/wp\/v2\/pages"}],"about":[{"href":"https:\/\/www.ntic-edition.com\/index.php\/wp-json\/wp\/v2\/types\/page"}],"author":[{"embeddable":true,"href":"https:\/\/www.ntic-edition.com\/index.php\/wp-json\/wp\/v2\/users\/2"}],"replies":[{"embeddable":true,"href":"https:\/\/www.ntic-edition.com\/index.php\/wp-json\/wp\/v2\/comments?post=17"}],"version-history":[{"count":7,"href":"https:\/\/www.ntic-edition.com\/index.php\/wp-json\/wp\/v2\/pages\/17\/revisions"}],"predecessor-version":[{"id":456,"href":"https:\/\/www.ntic-edition.com\/index.php\/wp-json\/wp\/v2\/pages\/17\/revisions\/456"}],"wp:attachment":[{"href":"https:\/\/www.ntic-edition.com\/index.php\/wp-json\/wp\/v2\/media?parent=17"}],"curies":[{"name":"wp","href":"https:\/\/api.w.org\/{rel}","templated":true}]}}